[INFO] cloning repository https://github.com/ackotech/newrelic
[INFO] running `Command { std: "git" "-c" "credential.helper=" "-c" "credential.helper=/workspace/cargo-home/bin/git-credential-null" "clone" "--bare" "https://github.com/ackotech/newrelic" "/workspace/cache/git-repos/https%3A%2F%2Fgithub.com%2Fackotech%2Fnewrelic", kill_on_drop: false }`
[INFO] [stderr] Cloning into bare repository '/workspace/cache/git-repos/https%3A%2F%2Fgithub.com%2Fackotech%2Fnewrelic'...
[INFO] running `Command { std: "git" "rev-parse" "HEAD", kill_on_drop: false }`
[INFO] [stdout] 4b14578fab683c614bb38504b35dadf70aead1e6
[INFO] checking ackotech/newrelic against try#72f88fc4e9458f89516a0b8b0868f3718aec5b47 for pr-74989
[INFO] running `Command { std: "git" "clone" "/workspace/cache/git-repos/https%3A%2F%2Fgithub.com%2Fackotech%2Fnewrelic" "/workspace/builds/worker-14/source", kill_on_drop: false }`
[INFO] [stderr] Cloning into '/workspace/builds/worker-14/source'...
[INFO] [stderr] done.
[INFO] validating manifest of git repo https://github.com/ackotech/newrelic on toolchain 72f88fc4e9458f89516a0b8b0868f3718aec5b47
[INFO] running `Command { std: "/workspace/cargo-home/bin/cargo" "+72f88fc4e9458f89516a0b8b0868f3718aec5b47" "read-manifest" "--manifest-path" "Cargo.toml", kill_on_drop: false }`
[INFO] started tweaking git repo https://github.com/ackotech/newrelic
[INFO] finished tweaking git repo https://github.com/ackotech/newrelic
[INFO] tweaked toml for git repo https://github.com/ackotech/newrelic written to /workspace/builds/worker-14/source/Cargo.toml
[INFO] crate git repo https://github.com/ackotech/newrelic already has a lockfile, it will not be regenerated
[INFO] running `Command { std: "/workspace/cargo-home/bin/cargo" "+72f88fc4e9458f89516a0b8b0868f3718aec5b47" "fetch" "--locked" "--manifest-path" "Cargo.toml", kill_on_drop: false }`
[INFO] [stderr]  Downloading crates ...
[INFO] [stderr]   Downloaded diesel_derives v1.4.0
[INFO] [stderr]   Downloaded pq-sys v0.4.6
[INFO] [stderr]   Downloaded derive_more v0.14.1
[INFO] [stderr]   Downloaded diesel v1.4.2
[INFO] [stderr]   Downloaded libc v0.2.62
[INFO] [stderr]   Downloaded quote v0.6.12
[INFO] [stderr]   Downloaded syn v0.15.34
[INFO] [stderr]   Downloaded autocfg v0.1.4
[INFO] [stderr]   Downloaded sqlparser v0.4.0
[INFO] [stderr]   Downloaded newrelic-sys v0.1.0
[INFO] running `Command { std: "docker" "create" "-v" "/var/lib/crater-agent-workspace/builds/worker-14/target:/opt/rustwide/target:rw,Z" "-v" "/var/lib/crater-agent-workspace/builds/worker-14/source:/opt/rustwide/workdir:ro,Z" "-v" "/var/lib/crater-agent-workspace/cargo-home:/opt/rustwide/cargo-home:ro,Z" "-v" "/var/lib/crater-agent-workspace/rustup-home:/opt/rustwide/rustup-home:ro,Z" "-e" "SOURCE_DIR=/opt/rustwide/workdir" "-e" "CARGO_TARGET_DIR=/opt/rustwide/target" "-e" "CARGO_HOME=/opt/rustwide/cargo-home" "-e" "RUSTUP_HOME=/opt/rustwide/rustup-home" "-w" "/opt/rustwide/workdir" "-m" "1610612736" "--user" "0:0" "--network" "none" "rustops/crates-build-env@sha256:d92eaeed33fa75130ca1ee6c8a01d1ffb62bac859dfdfb3450e3e5d1c0146529" "/opt/rustwide/cargo-home/bin/cargo" "+72f88fc4e9458f89516a0b8b0868f3718aec5b47" "metadata" "--no-deps" "--format-version=1", kill_on_drop: false }`
[INFO] [stdout] 3db142327b0332545a233a9b8e7641ff991891a812513300aa8b3dc68420cbee
[INFO] [stderr] WARNING: Your kernel does not support swap limit capabilities or the cgroup is not mounted. Memory limited without swap.
[INFO] running `Command { std: "docker" "start" "-a" "3db142327b0332545a233a9b8e7641ff991891a812513300aa8b3dc68420cbee", kill_on_drop: false }`
[INFO] running `Command { std: "docker" "inspect" "3db142327b0332545a233a9b8e7641ff991891a812513300aa8b3dc68420cbee", kill_on_drop: false }`
[INFO] running `Command { std: "docker" "rm" "-f" "3db142327b0332545a233a9b8e7641ff991891a812513300aa8b3dc68420cbee", kill_on_drop: false }`
[INFO] [stdout] 3db142327b0332545a233a9b8e7641ff991891a812513300aa8b3dc68420cbee
[INFO] running `Command { std: "docker" "create" "-v" "/var/lib/crater-agent-workspace/builds/worker-14/target:/opt/rustwide/target:rw,Z" "-v" "/var/lib/crater-agent-workspace/builds/worker-14/source:/opt/rustwide/workdir:ro,Z" "-v" "/var/lib/crater-agent-workspace/cargo-home:/opt/rustwide/cargo-home:ro,Z" "-v" "/var/lib/crater-agent-workspace/rustup-home:/opt/rustwide/rustup-home:ro,Z" "-e" "SOURCE_DIR=/opt/rustwide/workdir" "-e" "CARGO_TARGET_DIR=/opt/rustwide/target" "-e" "CARGO_INCREMENTAL=0" "-e" "RUST_BACKTRACE=full" "-e" "RUSTFLAGS=--cap-lints=forbid" "-e" "CARGO_HOME=/opt/rustwide/cargo-home" "-e" "RUSTUP_HOME=/opt/rustwide/rustup-home" "-w" "/opt/rustwide/workdir" "-m" "1610612736" "--user" "0:0" "--network" "none" "rustops/crates-build-env@sha256:d92eaeed33fa75130ca1ee6c8a01d1ffb62bac859dfdfb3450e3e5d1c0146529" "/opt/rustwide/cargo-home/bin/cargo" "+72f88fc4e9458f89516a0b8b0868f3718aec5b47" "check" "--frozen" "--all" "--all-targets" "--message-format=json", kill_on_drop: false }`
[INFO] [stderr] WARNING: Your kernel does not support swap limit capabilities or the cgroup is not mounted. Memory limited without swap.
[INFO] [stdout] 9c5c0a5579df953720241539b4bb234a6acf159e05018446ea915418041212d1
[INFO] running `Command { std: "docker" "start" "-a" "9c5c0a5579df953720241539b4bb234a6acf159e05018446ea915418041212d1", kill_on_drop: false }`
[INFO] [stderr]     Blocking waiting for file lock on package cache
[INFO] [stderr]    Compiling proc-macro2 v0.4.30
[INFO] [stderr]    Compiling unicode-xid v0.1.0
[INFO] [stderr]    Compiling syn v0.15.34
[INFO] [stderr]    Compiling libc v0.2.62
[INFO] [stderr]    Compiling bitflags v1.1.0
[INFO] [stderr]    Compiling pq-sys v0.4.6
[INFO] [stderr]    Compiling byteorder v1.3.2
[INFO] [stderr]     Checking cfg-if v0.1.9
[INFO] [stderr]    Compiling newrelic-sys v0.1.0
[INFO] [stderr]     Checking lazy_static v1.3.0
[INFO] [stderr]    Compiling num-traits v0.2.8
[INFO] [stderr]     Checking log v0.4.6
[INFO] [stderr] error: failed to run custom build command for `newrelic-sys v0.1.0`
[INFO] [stderr] 
[INFO] [stderr] Caused by:
[INFO] [stderr]   process didn't exit successfully: `/opt/rustwide/target/debug/build/newrelic-sys-2ce8d84d444df434/build-script-build` (exit code: 101)
[INFO] [stderr]   --- stdout
[INFO] [stderr]   cargo:rustc-link-search=native=/opt/rustwide/target/debug/build/newrelic-sys-f5aaf9b24f635bb4/out
[INFO] [stderr]   cargo:rustc-link-lib=static=newrelic
[INFO] [stderr]   cargo:rustc-link-lib=dylib=pcre
[INFO] [stderr]   make -C vendor/newrelic/axiom
[INFO] [stderr]   make[1]: Entering directory '/opt/rustwide/cargo-home/registry/src/github.com-1ecc6299db9ec823/newrelic-sys-0.1.0/vendor/vendor/newrelic/axiom'
[INFO] [stderr]   make[1]: Leaving directory '/opt/rustwide/cargo-home/registry/src/github.com-1ecc6299db9ec823/newrelic-sys-0.1.0/vendor/vendor/newrelic/axiom'
[INFO] [stderr]   "./vendor/libnewrelic.a"
[INFO] [stderr] 
[INFO] [stderr]   --- stderr
[INFO] [stderr]   cat: ../../VERSION: No such file or directory
[INFO] [stderr]   fatal: not a git repository (or any parent up to mount point /opt/rustwide)
[INFO] [stderr]   Stopping at filesystem boundary (GIT_DISCOVERY_ACROSS_FILESYSTEM not set).
[INFO] [stderr]   mkdir: cannot create directory '.deps': Read-only file system
[INFO] [stderr]   make[1]: *** [Makefile:193: .deps/] Error 1
[INFO] [stderr]   make: *** [Makefile:87: vendor/newrelic/axiom/libaxiom.a] Error 2
[INFO] [stderr]   thread 'main' panicked at 'Could not copy object files: Os { code: 2, kind: NotFound, message: "No such file or directory" }', /opt/rustwide/cargo-home/registry/src/github.com-1ecc6299db9ec823/newrelic-sys-0.1.0/build.rs:25:61
[INFO] [stderr]   stack backtrace:
[INFO] [stderr]      0:     0x55d820478f30 - std::backtrace_rs::backtrace::libunwind::trace::h452faf99f32e7c93
[INFO] [stderr]                                  at /rustc/72f88fc4e9458f89516a0b8b0868f3718aec5b47/library/std/src/../../backtrace/src/backtrace/libunwind.rs:96
[INFO] [stderr]      1:     0x55d820478f30 - std::backtrace_rs::backtrace::trace_unsynchronized::he40edc71437667a1
[INFO] [stderr]                                  at /rustc/72f88fc4e9458f89516a0b8b0868f3718aec5b47/library/std/src/../../backtrace/src/backtrace/mod.rs:66
[INFO] [stderr]      2:     0x55d820478f30 - std::sys_common::backtrace::_print_fmt::h6c51d6ade71f46bf
[INFO] [stderr]                                  at /rustc/72f88fc4e9458f89516a0b8b0868f3718aec5b47/library/std/src/sys_common/backtrace.rs:79
[INFO] [stderr]      3:     0x55d820478f30 - <std::sys_common::backtrace::_print::DisplayBacktrace as core::fmt::Display>::fmt::h3cd15d7003dec37a
[INFO] [stderr]                                  at /rustc/72f88fc4e9458f89516a0b8b0868f3718aec5b47/library/std/src/sys_common/backtrace.rs:58
[INFO] [stderr]      4:     0x55d820496a0c - core::fmt::write::h1857a60b204f1b6a
[INFO] [stderr]                                  at /rustc/72f88fc4e9458f89516a0b8b0868f3718aec5b47/library/core/src/fmt/mod.rs:1080
[INFO] [stderr]      5:     0x55d820477207 - std::io::Write::write_fmt::hac61caff894c35ae
[INFO] [stderr]                                  at /rustc/72f88fc4e9458f89516a0b8b0868f3718aec5b47/library/std/src/io/mod.rs:1517
[INFO] [stderr]      6:     0x55d82047b040 - std::sys_common::backtrace::_print::haa2f390fb7957e3e
[INFO] [stderr]                                  at /rustc/72f88fc4e9458f89516a0b8b0868f3718aec5b47/library/std/src/sys_common/backtrace.rs:61
[INFO] [stderr]      7:     0x55d82047b040 - std::sys_common::backtrace::print::h48c7cbbad9013bb1
[INFO] [stderr]                                  at /rustc/72f88fc4e9458f89516a0b8b0868f3718aec5b47/library/std/src/sys_common/backtrace.rs:48
[INFO] [stderr]      8:     0x55d82047b040 - std::panicking::default_hook::{{closure}}::h8b7ff05a31e71d55
[INFO] [stderr]                                  at /rustc/72f88fc4e9458f89516a0b8b0868f3718aec5b47/library/std/src/panicking.rs:208
[INFO] [stderr]      9:     0x55d82047ad8c - std::panicking::default_hook::h2f00c78800d98e4c
[INFO] [stderr]                                  at /rustc/72f88fc4e9458f89516a0b8b0868f3718aec5b47/library/std/src/panicking.rs:227
[INFO] [stderr]     10:     0x55d82047b6a3 - std::panicking::rust_panic_with_hook::h4eaa635e4694aef3
[INFO] [stderr]                                  at /rustc/72f88fc4e9458f89516a0b8b0868f3718aec5b47/library/std/src/panicking.rs:577
[INFO] [stderr]     11:     0x55d82047b279 - std::panicking::begin_panic_handler::{{closure}}::hec242f1b136b5ff2
[INFO] [stderr]                                  at /rustc/72f88fc4e9458f89516a0b8b0868f3718aec5b47/library/std/src/panicking.rs:484
[INFO] [stderr]     12:     0x55d82047939c - std::sys_common::backtrace::__rust_end_short_backtrace::h1f3cc383ee6c0374
[INFO] [stderr]                                  at /rustc/72f88fc4e9458f89516a0b8b0868f3718aec5b47/library/std/src/sys_common/backtrace.rs:153
[INFO] [stderr]     13:     0x55d82047b239 - rust_begin_unwind
[INFO] [stderr]                                  at /rustc/72f88fc4e9458f89516a0b8b0868f3718aec5b47/library/std/src/panicking.rs:483
[INFO] [stderr]     14:     0x55d820495d31 - core::panicking::panic_fmt::hb15d6f55e8472f62
[INFO] [stderr]                                  at /rustc/72f88fc4e9458f89516a0b8b0868f3718aec5b47/library/core/src/panicking.rs:85
[INFO] [stderr]     15:     0x55d820495b53 - core::option::expect_none_failed::he492a18657d97593
[INFO] [stderr]                                  at /rustc/72f88fc4e9458f89516a0b8b0868f3718aec5b47/library/core/src/option.rs:1221
[INFO] [stderr]     16:     0x55d82045d067 - core::result::Result<T,E>::expect::h5e572c67676bc7b7
[INFO] [stderr]                                  at /rustc/72f88fc4e9458f89516a0b8b0868f3718aec5b47/library/core/src/result.rs:933
[INFO] [stderr]     17:     0x55d8204617ac - build_script_build::main::h24372c41d500ba9d
[INFO] [stderr]                                  at /opt/rustwide/cargo-home/registry/src/github.com-1ecc6299db9ec823/newrelic-sys-0.1.0/build.rs:25
[INFO] [stderr]     18:     0x55d820461bbb - core::ops::function::FnOnce::call_once::h22a56d97195b3f6d
[INFO] [stderr]                                  at /rustc/72f88fc4e9458f89516a0b8b0868f3718aec5b47/library/core/src/ops/function.rs:227
[INFO] [stderr]     19:     0x55d820461a9e - std::sys_common::backtrace::__rust_begin_short_backtrace::h152ff2e80074c81a
[INFO] [stderr]                                  at /rustc/72f88fc4e9458f89516a0b8b0868f3718aec5b47/library/std/src/sys_common/backtrace.rs:137
[INFO] [stderr]     20:     0x55d82045c841 - std::rt::lang_start::{{closure}}::h749fa9e9a06d551b
[INFO] [stderr]                                  at /rustc/72f88fc4e9458f89516a0b8b0868f3718aec5b47/library/std/src/rt.rs:66
[INFO] [stderr]     21:     0x55d82047baa1 - core::ops::function::impls::<impl core::ops::function::FnOnce<A> for &F>::call_once::hecc21eb9018cc197
[INFO] [stderr]                                  at /rustc/72f88fc4e9458f89516a0b8b0868f3718aec5b47/library/core/src/ops/function.rs:259
[INFO] [stderr]     22:     0x55d82047baa1 - std::panicking::try::do_call::h174ad655d084b5c7
[INFO] [stderr]                                  at /rustc/72f88fc4e9458f89516a0b8b0868f3718aec5b47/library/std/src/panicking.rs:381
[INFO] [stderr]     23:     0x55d82047baa1 - std::panicking::try::h479e6054ce28de10
[INFO] [stderr]                                  at /rustc/72f88fc4e9458f89516a0b8b0868f3718aec5b47/library/std/src/panicking.rs:345
[INFO] [stderr]     24:     0x55d82047baa1 - std::panic::catch_unwind::hb558ddea2b3e9c45
[INFO] [stderr]                                  at /rustc/72f88fc4e9458f89516a0b8b0868f3718aec5b47/library/std/src/panic.rs:382
[INFO] [stderr]     25:     0x55d82047baa1 - std::rt::lang_start_internal::h163149047f0a8b61
[INFO] [stderr]                                  at /rustc/72f88fc4e9458f89516a0b8b0868f3718aec5b47/library/std/src/rt.rs:51
[INFO] [stderr]     26:     0x55d82045c817 - std::rt::lang_start::h7ab7910a5b5ec643
[INFO] [stderr]                                  at /rustc/72f88fc4e9458f89516a0b8b0868f3718aec5b47/library/std/src/rt.rs:65
[INFO] [stderr]     27:     0x55d82046193a - main
[INFO] [stderr]     28:     0x7f43cbec30b3 - __libc_start_main
[INFO] [stderr]     29:     0x55d8204590ae - _start
[INFO] [stderr]     30:                0x0 - <unknown>
[INFO] [stderr] warning: build failed, waiting for other jobs to finish...
[INFO] [stderr] error: build failed
[INFO] running `Command { std: "docker" "inspect" "9c5c0a5579df953720241539b4bb234a6acf159e05018446ea915418041212d1", kill_on_drop: false }`
[INFO] running `Command { std: "docker" "rm" "-f" "9c5c0a5579df953720241539b4bb234a6acf159e05018446ea915418041212d1", kill_on_drop: false }`
[INFO] [stdout] 9c5c0a5579df953720241539b4bb234a6acf159e05018446ea915418041212d1
